{"id":10,"date":"2014-09-12T23:00:11","date_gmt":"2014-09-12T23:00:11","guid":{"rendered":"http:\/\/helmersdropin.se\/?page_id=10"},"modified":"2014-09-12T23:31:04","modified_gmt":"2014-09-12T23:31:04","slug":"hitta-oss","status":"publish","type":"page","link":"http:\/\/www.helmersdropin.se\/?page_id=10","title":{"rendered":"Hitta oss"},"content":{"rendered":"<h2>Ni hittar oss i backen ovanf\u00f6r Lokal precis bredvid Tumba Trafikskola.<\/h2>\n<h2>Adressen \u00e4r Gr\u00f6dingev\u00e4gen 7A. Os\u00e4ker? <strong>Ring oss p\u00e5 08-530 319 74<\/strong><\/h2>\n<p><a href=\"http:\/\/www.helmersdropin.se\/wp-content\/uploads\/2014\/09\/Karta-Helmers.png\"><img loading=\"lazy\" class=\"alignnone size-medium wp-image-13\" src=\"http:\/\/www.helmersdropin.se\/wp-content\/uploads\/2014\/09\/Karta-Helmers-300x196.png\" alt=\"Karta Helmers\" width=\"300\" height=\"196\" srcset=\"http:\/\/www.helmersdropin.se\/wp-content\/uploads\/2014\/09\/Karta-Helmers-300x196.png 300w, http:\/\/www.helmersdropin.se\/wp-content\/uploads\/2014\/09\/Karta-Helmers.png 778w\" sizes=\"(max-width: 300px) 100vw, 300px\" \/><\/a>a<\/p>\n","protected":false},"excerpt":{"rendered":"<p>Ni hittar oss i backen ovanf\u00f6r Lokal precis bredvid Tumba Trafikskola. Adressen \u00e4r Gr\u00f6dingev\u00e4gen 7A. Os\u00e4ker? Ring oss p\u00e5 08-530 319 74 a<\/p>\n","protected":false},"author":1,"featured_media":0,"parent":0,"menu_order":0,"comment_status":"open","ping_status":"open","template":"fullwidth.php","meta":[],"_links":{"self":[{"href":"http:\/\/www.helmersdropin.se\/index.php?rest_route=\/wp\/v2\/pages\/10"}],"collection":[{"href":"http:\/\/www.helmersdropin.se\/index.php?rest_route=\/wp\/v2\/pages"}],"about":[{"href":"http:\/\/www.helmersdropin.se\/index.php?rest_route=\/wp\/v2\/types\/page"}],"author":[{"embeddable":true,"href":"http:\/\/www.helmersdropin.se\/index.php?rest_route=\/wp\/v2\/users\/1"}],"replies":[{"embeddable":true,"href":"http:\/\/www.helmersdropin.se\/index.php?rest_route=%2Fwp%2Fv2%2Fcomments&post=10"}],"version-history":[{"count":7,"href":"http:\/\/www.helmersdropin.se\/index.php?rest_route=\/wp\/v2\/pages\/10\/revisions"}],"predecessor-version":[{"id":26,"href":"http:\/\/www.helmersdropin.se\/index.php?rest_route=\/wp\/v2\/pages\/10\/revisions\/26"}],"wp:attachment":[{"href":"http:\/\/www.helmersdropin.se\/index.php?rest_route=%2Fwp%2Fv2%2Fmedia&parent=10"}],"curies":[{"name":"wp","href":"https:\/\/api.w.org\/{rel}","templated":true}]}}